 347187773 a prime number?
True
Is 218951933 a composite number?
True
Is 406111 composite?
True
Is 71750057 a composite number?
False
Is 35521555 a prime number?
False
Is 1895849 a composite number?
True
Is 25473961 a composite number?
True
Is 2035487 prime?
False
Is 71730023 composite?
False
Is 1915429 a composite number?
True
Is 4631771 a prime number?
False
Is 92803917 a composite number?
True
Is 268651511 prime?
False
Is 517889 a composite number?
True
Is 33952249 a composite number?
False
Is 181214731 a composite number?
False
Is 8102537 composite?
False
Is 4375127 a prime number?
True
Is 18308407 prime?
False
Is 59865511 a prime number?
True
Is 918469 composite?
False
Is 5600867 prime?
True
Is 1380691 prime?
False
Is 4614529 composite?
True
Is 21290897 composite?
True
Is 323741291 prime?
False
Is 189652726 a prime number?
False
Is 2093969 composite?
True
Is 51282449 prime?
False
Is 58132487 a prime number?
False
Is 195458119 composite?
False
Is 15309589 composite?
False
Is 117011303 composite?
False
Is 2410829 a composite number?
False
Is 1394106169 composite?
False
Is 966583 prime?
True
Is 50685797 a prime number?
False
Is 817486 prime?
False
Is 42850499 prime?
True
Is 22664651 prime?
False
Is 111873859 a composite number?
True
Is 1157369 prime?
True
Is 241884127 composite?
False
Is 1526521 a prime number?
True
Is 661433293 composite?
True
Is 868559 a composite number?
False
Is 17493026 composite?
True
Is 8031271 prime?
False
Is 100378973 prime?
True
Is 4177 a prime number?
True
Is 7705111 a prime number?
False
Is 36431377 a composite number?
True
Is 2242211 prime?
True
Is 137081297 prime?
False
Is 168785387 a prime number?
True
Is 742607 composite?
False
Is 15479539 prime?
True
Is 10160561 a prime number?
True
Is 11530433 composite?
False
Is 15874537 prime?
False
Is 2221127 a composite number?
False
Is 353273 prime?
False
Is 191177755 a composite number?
True
Is 1970327 a composite number?
False
Is 1624019 composite?
False
Is 1654009 a composite number?
True
Is 313926929 prime?
True
Is 10781591 prime?
False
Is 225036541 a prime number?
False
Is 194485057 composite?
True
Is 5625523 composite?
True
Is 7727267 a composite number?
False
Is 48487073 a composite number?
True
Is 1672889 composite?
False
Is 15412441 a composite number?
True
Is 972787 a prime number?
True
Is 4374059 composite?
False
Is 171073801 prime?
False
Is 8568509 composite?
False
Is 5438903 prime?
True
Is 6339317 a prime number?
False
Is 338101027 a composite number?
True
Is 38595373 a composite number?
False
Is 2712323 composite?
True
Is 21676913 a composite number?
True
Is 27032081 composite?
False
Is 21645431 composite?
True
Is 449728967 composite?
False
Is 20142201 composite?
True
Is 1572341 prime?
True
Is 4585879 a prime number?
False
Is 107482307 prime?
True
Is 17186691 prime?
False
Is 1394207 composite?
True
Is 46721359 a composite number?
True
Is 13096547 prime?
True
Is 2861599 composite?
True
Is 19757713 prime?
False
Is 6798711 composite?
True
Is 42117527 prime?
True
Is 3315947 prime?
False
Is 87719729 a composite number?
False
Is 102353707 prime?
True
Is 278710291 a prime number?
False
Is 51792203 a composite number?
False
Is 122328643 a prime number?
True
Is 17195671 composite?
False
Is 133737833 prime?
True
Is 433619167 a composite number?
False
Is 781601 a composite number?
False
Is 9245491 composite?
False
Is 680489 a composite number?
False
Is 998377 a prime number?
True
Is 25583473 composite?
False
Is 6343303 a prime number?
False
Is 6044635 a composite number?
True
Is 6090053 a composite number?
False
Is 12268387 a prime number?
False
Is 98490097 a composite number?
True
Is 526921 composite?
True
Is 1235497 a composite number?
False
Is 101654801 a prime number?
True
Is 5548337 a prime number?
False
Is 499684771 composite?
False
Is 255071 composite?
False
Is 486119 a composite number?
False
Is 1193119 a prime number?
True
Is 41038549 prime?
False
Is 7175801 composite?
True
Is 853283 a prime number?
True
Is 7262059 a prime number?
False
Is 2095853 composite?
False
Is 7600033 a prime number?
False
Is 254238323 a prime number?
True
Is 481183679 composite?
False
Is 2355869 a prime number?
False
Is 220008137 prime?
True
Is 10547309 a prime number?
False
Is 586679 a prime number?
True
Is 72680779 prime?
True
Is 1009691 composite?
True
Is 16930513 composite?
False
Is 516848473 composite?
False
Is 5766973 a prime number?
True
Is 45441883 a prime number?
False
Is 10477981 a composite number?
False
Is 5443051 prime?
True
Is 42311 prime?
False
Is 391739 prime?
True
Is 130441 prime?
False
Is 1657399 composite?
False
Is 715739 composite?
False
Is 238541 a composite number?
True
Is 133341463 a composite number?
False
Is 2221089215 a composite number?
True
Is 40524023 composite?
False
Is 6030473 a prime number?
True
Is 247393397 a prime number?
True
Is 628883 composite?
True
Is 18217537 a prime number?
False
Is 28471151 a prime number?
True
Is 418700407 composite?
False
Is 76228309 a composite number?
True
Is 17128849 composite?
True
Is 132633506 composite?
True
Is 384915253 a composite number?
True
Is 6672467 a prime number?
True
Is 634013 a composite number?
False
Is 1782227 a prime number?
False
Is 43148305 a prime number?
False
Is 104927087 composite?
True
Is 612133 a prime number?
True
Is 175624243 a prime number?
True
Is 220123 prime?
True
Is 28071391 prime?
False
Is 2482741 a prime number?
True
Is 328709 prime?
True
Is 4515869 a prime number?
False
Is 961771 a prime number?
False
Is 10200601 prime?
True
Is 10017203 composite?
True
Is 2135037 prime?
False
Is 54784907 a prime number?
False
Is 9664199 a prime number?
False
Is 73217699 composite?
False
Is 24736511 prime?
True
Is 1375189 prime?
True
Is 261423839 prime?
True
Is 1033246921 composite?
True
Is 653111 a composite number?
False
Is 423485771 a composite number?
False
Is 360304601 a prime number?
False
Is 17652347 composite?
True
Is 859759 prime?
False
Is 1738346 a composite number?
True
Is 36280733 composite?
False
Is 20834797 prime?
True
Is 11684231 composite?
True
Is 29754227 composite?
False
Is 2731553 composite?
True
Is 1415829 prime?
False
Is 4625431 a prime number?
True
Is 412966 prime?
False
Is 4529143 a prime number?
False
Is 244414055 a prime number?
False
Is 59621603 a composite number?
False
Is 268261922 a prime number?
False
Is 6737711 composite?
True
Is 1654161991 composite?
False
Is 6382847 composite?
False
Is 35925458 prime?
False
Is 81062393 a prime number?
False
Is 77550181 a prime number?
False
Is 127554389 a composite number?
True
Is 2647355 prime?
False
Is 2435227 composite?
True
Is 52017499 a composite number?
True
Is 465293 a composite number?
False
Is 12896419 a prime number?
True
Is 127386617 composite?
True
Is 2090567 a prime number?
True
Is 13422791 a prime number?
True
Is 111602849 a composite number?
False
Is 86107237 a prime number?
False
Is 378397003 a prime number?
False
Is 1287253 a prime number?
False
Is 19994617 a composite number?
True
Is 2152577 prime?
False
Is 1458817 a composite number?
False
Is 1011253 composite?
True
Is 317052367 composite?
True
Is 16213679 composite?
False
Is 313391819 composite?
True
Is 12582403 a prime number?
False
Is 8206469 composite?
True
Is 25220813 composite?
False
Is 1279219 composite?
True
Is 1362161 prime?
True
Is 6051991 composite?
True
Is 8065607 a composite number?
True
Is 10319987 prime?
False
Is 21639313 prime?
True
Is 18026293 prime?
False
Is 731141 a prime number?
True
Is 31109531 prime?
False
Is 138370433 composite?
False
Is 139552951 prime?
True
Is 70701977 a prime number?
False
Is 6348233 prime?
True
Is 159667 a prime number?
True
Is 30617047 a prime number?
False
Is 24562949 a composite number?
False
Is 136348099 a prime number?
True
Is 585583 a prime number?
False
Is 2219177 prime?
True
Is 110207 a composite number?
True
Is 5644055 composite?
True
Is 17387585 prime?
False
Is 97056643 a prime number?
True
Is 10418071 prime?
False
Is 40006871 prime?
True
Is 635771 a prime number?
False
Is 122123 prime?
False
Is 1009741 composite?
False
Is 7233169 a prime number?
True
Is 22665761 composite?
True
Is 36963859 composite?
False
Is 11648561 prime?
True
Is 1180183 prime?
False
Is 2478511 prime?
False
Is 6299947 composite?
True
Is 119